{"id":73,"date":"2022-07-01T11:51:45","date_gmt":"2022-07-01T09:51:45","guid":{"rendered":"http:\/\/nowa.hankairumcajs.pl\/?page_id=73"},"modified":"2022-07-01T14:41:25","modified_gmt":"2022-07-01T12:41:25","slug":"wystawy","status":"publish","type":"page","link":"http:\/\/nowa.hankairumcajs.pl\/?page_id=73","title":{"rendered":"wystawy"},"content":{"rendered":"\n<p class=\"has-medium-font-size\">Muzeum Le\u015bnictwa w Go\u0142uchowie<br>20 wrze\u015bnia 2018<br>Zdj\u0119cia: pani Joanna Zalejska-Niczyporuk z O\u015brodka Kultury Le\u015bnej w Go\u0142uchowie<\/p>\n\n\n\n<p><\/p>\n\n\n\nngg_shortcode_0_placeholder\n\n\n\n<p class=\"has-medium-font-size\">Gminna Biblioteka Publiczna w Choczewie&nbsp;<br>14 marca 2018&nbsp;<\/p>\n\n\n\nngg_shortcode_1_placeholder\n\n\n\n<h3 class=\"wp-block-heading\"><\/h3>\n\n\n\n<p class=\"has-medium-font-size\">Zamek Krokowa<br>15 pa\u017adziernika 2017<\/p>\n\n\n\nngg_shortcode_2_placeholder\n\n\n\n<h2 class=\"has-medium-font-size wp-block-heading\">Urz\u0105d Gminy Choczewo<br>14 lutego 2017<\/h2>\n\n\n\nngg_shortcode_3_placeholder\n\n\n\n<h2 class=\"has-medium-font-size wp-block-heading\">Pucki Salon Artystyczny<br>11 listopada 2016&nbsp;<\/h2>\n\n\n\nngg_shortcode_4_placeholder\n\n\n\n<h2 class=\"has-medium-font-size wp-block-heading\">Klub Star\u00f3wka &#8211; Pozna\u0144<br>10 maja 2012<\/h2>\n\n\n\nngg_shortcode_5_placeholder\n\n\n\n<h2 class=\"has-medium-font-size wp-block-heading\">Artyku\u0142y<\/h2>\n\n\n\nngg_shortcode_6_placeholder\n","protected":false},"excerpt":{"rendered":"<p>Muzeum Le\u015bnictwa w Go\u0142uchowie20 wrze\u015bnia 2018Zdj\u0119cia: pani Joanna Zalejska-Niczyporuk z O\u015brodka Kultury Le\u015bnej w Go\u0142uchowie Gminna Biblioteka Publiczna w Choczewie&nbsp;14 marca 2018&nbsp; Zamek Krokowa15 pa\u017adziernika 2017 Urz\u0105d Gminy Choczewo14 lutego 2017 Pucki Salon Artystyczny11 listopada 2016&nbsp; Klub Star\u00f3wka &#8211; Pozna\u014410 maja 2012 Artyku\u0142y<\/p>\n","protected":false},"author":1,"featured_media":0,"parent":0,"menu_order":0,"comment_status":"closed","ping_status":"closed","template":"","meta":{"ngg_post_thumbnail":0,"footnotes":""},"class_list":["post-73","page","type-page","status-publish","hentry"],"_links":{"self":[{"href":"http:\/\/nowa.hankairumcajs.pl\/index.php?rest_route=\/wp\/v2\/pages\/73","targetHints":{"allow":["GET"]}}],"collection":[{"href":"http:\/\/nowa.hankairumcajs.pl\/index.php?rest_route=\/wp\/v2\/pages"}],"about":[{"href":"http:\/\/nowa.hankairumcajs.pl\/index.php?rest_route=\/wp\/v2\/types\/page"}],"author":[{"embeddable":true,"href":"http:\/\/nowa.hankairumcajs.pl\/index.php?rest_route=\/wp\/v2\/users\/1"}],"replies":[{"embeddable":true,"href":"http:\/\/nowa.hankairumcajs.pl\/index.php?rest_route=%2Fwp%2Fv2%2Fcomments&post=73"}],"version-history":[{"count":7,"href":"http:\/\/nowa.hankairumcajs.pl\/index.php?rest_route=\/wp\/v2\/pages\/73\/revisions"}],"predecessor-version":[{"id":457,"href":"http:\/\/nowa.hankairumcajs.pl\/index.php?rest_route=\/wp\/v2\/pages\/73\/revisions\/457"}],"wp:attachment":[{"href":"http:\/\/nowa.hankairumcajs.pl\/index.php?rest_route=%2Fwp%2Fv2%2Fmedia&parent=73"}],"curies":[{"name":"wp","href":"https:\/\/api.w.org\/{rel}","templated":true}]}}